{"id":2887,"date":"2023-01-10T18:53:48","date_gmt":"2023-01-10T17:53:48","guid":{"rendered":"https:\/\/www.ludivart.com\/?page_id=2887"},"modified":"2023-01-10T18:53:48","modified_gmt":"2023-01-10T17:53:48","slug":"artistes","status":"publish","type":"page","link":"https:\/\/www.ludivart.com\/index.php\/artistes\/","title":{"rendered":"ARTISTES"},"content":{"rendered":"","protected":false},"excerpt":{"rendered":"","protected":false},"author":1,"featured_media":0,"parent":0,"menu_order":0,"comment_status":"closed","ping_status":"closed","template":"","meta":[],"yoast_head":"<!-- This site is optimized with the Yoast SEO plugin v20.3 - https:\/\/yoast.com\/wordpress\/plugins\/seo\/ -->\n<title>ARTISTES &mdash; Ludiv Art<\/title>\n<meta name=\"description\" content=\"Art, Collection, Tableau, Digigraphie, L\u00e9on Zanella, Lumineux, Passion, Monde, Toiles, \u0152uvre, \u0152uvres d&#039;art, \u00e9motion, Vaison la Romaine, Louis Gille, D\u00e9fiscalisation, d\u00e9fiscalisation oeuvre, Toulouse\" \/>\n<meta name=\"robots\" content=\"index, follow, max-snippet:-1, max-image-preview:large, max-video-preview:-1\" \/>\n<link rel=\"canonical\" href=\"https:\/\/www.ludivart.com\/index.php\/artistes\/\" \/>\n<meta property=\"og:locale\" content=\"fr_FR\" \/>\n<meta property=\"og:type\" content=\"article\" \/>\n<meta property=\"og:title\" content=\"ARTISTES &mdash; Ludiv Art\" \/>\n<meta property=\"og:description\" content=\"Art, Collection, Tableau, Digigraphie, L\u00e9on Zanella, Lumineux, Passion, Monde, Toiles, \u0152uvre, \u0152uvres d&#039;art, \u00e9motion, Vaison la Romaine, Louis Gille, D\u00e9fiscalisation, d\u00e9fiscalisation oeuvre, Toulouse\" \/>\n<meta property=\"og:url\" content=\"https:\/\/www.ludivart.com\/index.php\/artistes\/\" \/>\n<meta property=\"og:site_name\" content=\"Ludiv Art\" \/>\n<meta property=\"article:publisher\" content=\"https:\/\/www.facebook.com\/Ludiv-Art-103870754908036\" \/>\n<meta name=\"twitter:card\" content=\"summary_large_image\" \/>\n<script type=\"application\/ld+json\" class=\"yoast-schema-graph\">{\"@context\":\"https:\/\/schema.org\",\"@graph\":[{\"@type\":\"WebPage\",\"@id\":\"https:\/\/www.ludivart.com\/index.php\/artistes\/\",\"url\":\"https:\/\/www.ludivart.com\/index.php\/artistes\/\",\"name\":\"ARTISTES &mdash; Ludiv Art\",\"isPartOf\":{\"@id\":\"https:\/\/www.ludivart.com\/#website\"},\"datePublished\":\"2023-01-10T17:53:48+00:00\",\"dateModified\":\"2023-01-10T17:53:48+00:00\",\"description\":\"Art, Collection, Tableau, Digigraphie, L\u00e9on Zanella, Lumineux, Passion, Monde, Toiles, \u0152uvre, \u0152uvres d'art, \u00e9motion, Vaison la Romaine, Louis Gille, D\u00e9fiscalisation, d\u00e9fiscalisation oeuvre, Toulouse\",\"breadcrumb\":{\"@id\":\"https:\/\/www.ludivart.com\/index.php\/artistes\/#breadcrumb\"},\"inLanguage\":\"fr-FR\",\"potentialAction\":[{\"@type\":\"ReadAction\",\"target\":[\"https:\/\/www.ludivart.com\/index.php\/artistes\/\"]}]},{\"@type\":\"BreadcrumbList\",\"@id\":\"https:\/\/www.ludivart.com\/index.php\/artistes\/#breadcrumb\",\"itemListElement\":[{\"@type\":\"ListItem\",\"position\":1,\"name\":\"Accueil\",\"item\":\"https:\/\/www.ludivart.com\/\"},{\"@type\":\"ListItem\",\"position\":2,\"name\":\"ARTISTES\"}]},{\"@type\":\"WebSite\",\"@id\":\"https:\/\/www.ludivart.com\/#website\",\"url\":\"https:\/\/www.ludivart.com\/\",\"name\":\"Ludiv Art\",\"description\":\"Collection d&#039;exception \",\"publisher\":{\"@id\":\"https:\/\/www.ludivart.com\/#organization\"},\"potentialAction\":[{\"@type\":\"SearchAction\",\"target\":{\"@type\":\"EntryPoint\",\"urlTemplate\":\"https:\/\/www.ludivart.com\/?s={search_term_string}\"},\"query-input\":\"required name=search_term_string\"}],\"inLanguage\":\"fr-FR\"},{\"@type\":\"Organization\",\"@id\":\"https:\/\/www.ludivart.com\/#organization\",\"name\":\"Ludiv Art\",\"url\":\"https:\/\/www.ludivart.com\/\",\"logo\":{\"@type\":\"ImageObject\",\"inLanguage\":\"fr-FR\",\"@id\":\"https:\/\/www.ludivart.com\/#\/schema\/logo\/image\/\",\"url\":\"https:\/\/www.ludivart.com\/wp-content\/uploads\/2021\/08\/Def-Logo-Ludiv-Art.jpg\",\"contentUrl\":\"https:\/\/www.ludivart.com\/wp-content\/uploads\/2021\/08\/Def-Logo-Ludiv-Art.jpg\",\"width\":500,\"height\":500,\"caption\":\"Ludiv Art\"},\"image\":{\"@id\":\"https:\/\/www.ludivart.com\/#\/schema\/logo\/image\/\"},\"sameAs\":[\"https:\/\/www.facebook.com\/Ludiv-Art-103870754908036\",\"https:\/\/www.instagram.com\/ludivart\/?hl=fr\"]}]}<\/script>\n<!-- \/ Yoast SEO plugin. -->","yoast_head_json":{"title":"ARTISTES &mdash; Ludiv Art","description":"Art, Collection, Tableau, Digigraphie, L\u00e9on Zanella, Lumineux, Passion, Monde, Toiles, \u0152uvre, \u0152uvres d'art, \u00e9motion, Vaison la Romaine, Louis Gille, D\u00e9fiscalisation, d\u00e9fiscalisation oeuvre, Toulouse","robots":{"index":"index","follow":"follow","max-snippet":"max-snippet:-1","max-image-preview":"max-image-preview:large","max-video-preview":"max-video-preview:-1"},"canonical":"https:\/\/www.ludivart.com\/index.php\/artistes\/","og_locale":"fr_FR","og_type":"article","og_title":"ARTISTES &mdash; Ludiv Art","og_description":"Art, Collection, Tableau, Digigraphie, L\u00e9on Zanella, Lumineux, Passion, Monde, Toiles, \u0152uvre, \u0152uvres d'art, \u00e9motion, Vaison la Romaine, Louis Gille, D\u00e9fiscalisation, d\u00e9fiscalisation oeuvre, Toulouse","og_url":"https:\/\/www.ludivart.com\/index.php\/artistes\/","og_site_name":"Ludiv Art","article_publisher":"https:\/\/www.facebook.com\/Ludiv-Art-103870754908036","twitter_card":"summary_large_image","schema":{"@context":"https:\/\/schema.org","@graph":[{"@type":"WebPage","@id":"https:\/\/www.ludivart.com\/index.php\/artistes\/","url":"https:\/\/www.ludivart.com\/index.php\/artistes\/","name":"ARTISTES &mdash; Ludiv Art","isPartOf":{"@id":"https:\/\/www.ludivart.com\/#website"},"datePublished":"2023-01-10T17:53:48+00:00","dateModified":"2023-01-10T17:53:48+00:00","description":"Art, Collection, Tableau, Digigraphie, L\u00e9on Zanella, Lumineux, Passion, Monde, Toiles, \u0152uvre, \u0152uvres d'art, \u00e9motion, Vaison la Romaine, Louis Gille, D\u00e9fiscalisation, d\u00e9fiscalisation oeuvre, Toulouse","breadcrumb":{"@id":"https:\/\/www.ludivart.com\/index.php\/artistes\/#breadcrumb"},"inLanguage":"fr-FR","potentialAction":[{"@type":"ReadAction","target":["https:\/\/www.ludivart.com\/index.php\/artistes\/"]}]},{"@type":"BreadcrumbList","@id":"https:\/\/www.ludivart.com\/index.php\/artistes\/#breadcrumb","itemListElement":[{"@type":"ListItem","position":1,"name":"Accueil","item":"https:\/\/www.ludivart.com\/"},{"@type":"ListItem","position":2,"name":"ARTISTES"}]},{"@type":"WebSite","@id":"https:\/\/www.ludivart.com\/#website","url":"https:\/\/www.ludivart.com\/","name":"Ludiv Art","description":"Collection d&#039;exception ","publisher":{"@id":"https:\/\/www.ludivart.com\/#organization"},"potentialAction":[{"@type":"SearchAction","target":{"@type":"EntryPoint","urlTemplate":"https:\/\/www.ludivart.com\/?s={search_term_string}"},"query-input":"required name=search_term_string"}],"inLanguage":"fr-FR"},{"@type":"Organization","@id":"https:\/\/www.ludivart.com\/#organization","name":"Ludiv Art","url":"https:\/\/www.ludivart.com\/","logo":{"@type":"ImageObject","inLanguage":"fr-FR","@id":"https:\/\/www.ludivart.com\/#\/schema\/logo\/image\/","url":"https:\/\/www.ludivart.com\/wp-content\/uploads\/2021\/08\/Def-Logo-Ludiv-Art.jpg","contentUrl":"https:\/\/www.ludivart.com\/wp-content\/uploads\/2021\/08\/Def-Logo-Ludiv-Art.jpg","width":500,"height":500,"caption":"Ludiv Art"},"image":{"@id":"https:\/\/www.ludivart.com\/#\/schema\/logo\/image\/"},"sameAs":["https:\/\/www.facebook.com\/Ludiv-Art-103870754908036","https:\/\/www.instagram.com\/ludivart\/?hl=fr"]}]}},"_links":{"self":[{"href":"https:\/\/www.ludivart.com\/index.php\/wp-json\/wp\/v2\/pages\/2887"}],"collection":[{"href":"https:\/\/www.ludivart.com\/index.php\/wp-json\/wp\/v2\/pages"}],"about":[{"href":"https:\/\/www.ludivart.com\/index.php\/wp-json\/wp\/v2\/types\/page"}],"author":[{"embeddable":true,"href":"https:\/\/www.ludivart.com\/index.php\/wp-json\/wp\/v2\/users\/1"}],"replies":[{"embeddable":true,"href":"https:\/\/www.ludivart.com\/index.php\/wp-json\/wp\/v2\/comments?post=2887"}],"version-history":[{"count":1,"href":"https:\/\/www.ludivart.com\/index.php\/wp-json\/wp\/v2\/pages\/2887\/revisions"}],"predecessor-version":[{"id":2890,"href":"https:\/\/www.ludivart.com\/index.php\/wp-json\/wp\/v2\/pages\/2887\/revisions\/2890"}],"wp:attachment":[{"href":"https:\/\/www.ludivart.com\/index.php\/wp-json\/wp\/v2\/media?parent=2887"}],"curies":[{"name":"wp","href":"https:\/\/api.w.org\/{rel}","templated":true}]}}