{"id":2183,"date":"2022-08-30T18:26:41","date_gmt":"2022-08-30T16:26:41","guid":{"rendered":"https:\/\/www.ludivart.com\/?page_id=2183"},"modified":"2022-09-15T17:55:45","modified_gmt":"2022-09-15T15:55:45","slug":"louis-gille","status":"publish","type":"page","link":"https:\/\/www.ludivart.com\/index.php\/louis-gille\/","title":{"rendered":"LOUIS GILLE"},"content":{"rendered":"\t\t<div data-elementor-type=\"wp-page\" data-elementor-id=\"2183\" class=\"elementor elementor-2183\">\n\t\t\t\t\t\t<section class=\"elementor-section elementor-top-section elementor-element elementor-element-b1dfad8 elementor-section-boxed elementor-section-height-default elementor-section-height-default\" data-id=\"b1dfad8\" data-element_type=\"section\">\n\t\t\t\t\t\t<div class=\"elementor-container elementor-column-gap-default\">\n\t\t\t\t\t<div class=\"elementor-column elementor-col-100 elementor-top-column elementor-element elementor-element-e70da8d\" data-id=\"e70da8d\" data-element_type=\"column\">\n\t\t\t<div class=\"elementor-widget-wrap elementor-element-populated\">\n\t\t\t\t\t\t<div class=\"elementor-element elementor-element-caae6de elementor-widget elementor-widget-spacer\" data-id=\"caae6de\" data-element_type=\"widget\" data-widget_type=\"spacer.default\">\n\t\t\t\t<div class=\"elementor-widget-container\">\n\t\t\t\t\t<div class=\"elementor-spacer\">\n\t\t\t<div class=\"elementor-spacer-inner\"><\/div>\n\t\t<\/div>\n\t\t\t\t<\/div>\n\t\t\t\t<\/div>\n\t\t\t\t\t<\/div>\n\t\t<\/div>\n\t\t\t\t\t<\/div>\n\t\t<\/section>\n\t\t\t\t<section class=\"elementor-section elementor-top-section elementor-element elementor-element-793d741 elementor-section-boxed elementor-section-height-default elementor-section-height-default\" data-id=\"793d741\" data-element_type=\"section\">\n\t\t\t\t\t\t<div class=\"elementor-container elementor-column-gap-default\">\n\t\t\t\t\t<div class=\"elementor-column elementor-col-100 elementor-top-column elementor-element elementor-element-a11697f\" data-id=\"a11697f\" data-element_type=\"column\">\n\t\t\t<div class=\"elementor-widget-wrap elementor-element-populated\">\n\t\t\t\t\t\t<div class=\"elementor-element elementor-element-c78ff05 elementor-widget elementor-widget-heading\" data-id=\"c78ff05\" data-element_type=\"widget\" data-widget_type=\"heading.default\">\n\t\t\t\t<div class=\"elementor-widget-container\">\n\t\t\t<h1 class=\"elementor-heading-title elementor-size-large\">LOUIS GILLE<\/h1>\t\t<\/div>\n\t\t\t\t<\/div>\n\t\t\t\t\t<\/div>\n\t\t<\/div>\n\t\t\t\t\t<\/div>\n\t\t<\/section>\n\t\t\t\t<section class=\"elementor-section elementor-top-section elementor-element elementor-element-1334b0f elementor-section-boxed elementor-section-height-default elementor-section-height-default\" data-id=\"1334b0f\" data-element_type=\"section\">\n\t\t\t\t\t\t<div class=\"elementor-container elementor-column-gap-default\">\n\t\t\t\t\t<div class=\"elementor-column elementor-col-100 elementor-top-column elementor-element elementor-element-ec77198\" data-id=\"ec77198\" data-element_type=\"column\">\n\t\t\t<div class=\"elementor-widget-wrap elementor-element-populated\">\n\t\t\t\t\t\t<div class=\"elementor-element elementor-element-201c477 elementor-widget elementor-widget-spacer\" data-id=\"201c477\" data-element_type=\"widget\" data-widget_type=\"spacer.default\">\n\t\t\t\t<div class=\"elementor-widget-container\">\n\t\t\t\t\t<div class=\"elementor-spacer\">\n\t\t\t<div class=\"elementor-spacer-inner\"><\/div>\n\t\t<\/div>\n\t\t\t\t<\/div>\n\t\t\t\t<\/div>\n\t\t\t\t\t<\/div>\n\t\t<\/div>\n\t\t\t\t\t<\/div>\n\t\t<\/section>\n\t\t\t\t<section class=\"elementor-section elementor-top-section elementor-element elementor-element-f24c9be elementor-section-boxed elementor-section-height-default elementor-section-height-default\" data-id=\"f24c9be\" data-element_type=\"section\">\n\t\t\t\t\t\t<div class=\"elementor-container elementor-column-gap-default\">\n\t\t\t\t\t<div class=\"elementor-column elementor-col-50 elementor-top-column elementor-element elementor-element-12ca3cd\" data-id=\"12ca3cd\" data-element_type=\"column\">\n\t\t\t<div class=\"elementor-widget-wrap elementor-element-populated\">\n\t\t\t\t\t\t<div class=\"elementor-element elementor-element-0877d6b elementor-widget elementor-widget-text-editor\" data-id=\"0877d6b\" data-element_type=\"widget\" data-widget_type=\"text-editor.default\">\n\t\t\t\t<div class=\"elementor-widget-container\">\n\t\t\t\t\t\t\t<p>Louis Gille est n\u00e9 le 12 d\u00e9cembre 1999 \u00e0 Toulouse (Haute-Garonne).<br \/>Il vit et travaille \u00e0 Luchon (France).\u00a0<br \/>Il commence \u00e0 dessiner avant de savoir \u00e9crire, <br \/>d\u00e8s l\u2019\u00e2ge de 2 ans jusqu\u2019\u00e0 aujourd\u2019hui.<br \/>En 2005, Louis a 6 ans, il d\u00e9clare \u00e0 ses parents\u00a0: <br \/>\u00ab quand je serai grand je deviendrai Salvador Dali.\u00a0\u00bb<\/p>\t\t\t\t\t\t<\/div>\n\t\t\t\t<\/div>\n\t\t\t\t\t<\/div>\n\t\t<\/div>\n\t\t\t\t<div class=\"elementor-column elementor-col-50 elementor-top-column elementor-element elementor-element-649dadc\" data-id=\"649dadc\" data-element_type=\"column\">\n\t\t\t<div class=\"elementor-widget-wrap elementor-element-populated\">\n\t\t\t\t\t\t<div class=\"elementor-element elementor-element-22a14d7 elementor-widget elementor-widget-image\" data-id=\"22a14d7\" data-element_type=\"widget\" data-widget_type=\"image.default\">\n\t\t\t\t<div class=\"elementor-widget-container\">\n\t\t\t\t\t\t\t\t\t\t\t\t\t<img fetchpriority=\"high\" width=\"684\" height=\"1024\" src=\"https:\/\/www.ludivart.com\/wp-content\/uploads\/2022\/08\/DSC_7659-684x1024.jpg\" class=\"attachment-large size-large wp-image-2278\" alt=\"\" srcset=\"https:\/\/www.ludivart.com\/wp-content\/uploads\/2022\/08\/DSC_7659-684x1024.jpg 684w, https:\/\/www.ludivart.com\/wp-content\/uploads\/2022\/08\/DSC_7659-scaled-300x449.jpg 300w, https:\/\/www.ludivart.com\/wp-content\/uploads\/2022\/08\/DSC_7659-scaled-600x899.jpg 600w, https:\/\/www.ludivart.com\/wp-content\/uploads\/2022\/08\/DSC_7659-200x300.jpg 200w, https:\/\/www.ludivart.com\/wp-content\/uploads\/2022\/08\/DSC_7659-768x1150.jpg 768w, https:\/\/www.ludivart.com\/wp-content\/uploads\/2022\/08\/DSC_7659-1025x1536.jpg 1025w, https:\/\/www.ludivart.com\/wp-content\/uploads\/2022\/08\/DSC_7659-1367x2048.jpg 1367w, https:\/\/www.ludivart.com\/wp-content\/uploads\/2022\/08\/DSC_7659-scaled.jpg 1709w\" sizes=\"(max-width: 684px) 100vw, 684px\" \/>\t\t\t\t\t\t\t\t\t\t\t\t\t<\/div>\n\t\t\t\t<\/div>\n\t\t\t\t\t<\/div>\n\t\t<\/div>\n\t\t\t\t\t<\/div>\n\t\t<\/section>\n\t\t\t\t<section class=\"elementor-section elementor-top-section elementor-element elementor-element-be69de9 elementor-section-boxed elementor-section-height-default elementor-section-height-default\" data-id=\"be69de9\" data-element_type=\"section\">\n\t\t\t\t\t\t<div class=\"elementor-container elementor-column-gap-default\">\n\t\t\t\t\t<div class=\"elementor-column elementor-col-50 elementor-top-column elementor-element elementor-element-c933f25\" data-id=\"c933f25\" data-element_type=\"column\">\n\t\t\t<div class=\"elementor-widget-wrap elementor-element-populated\">\n\t\t\t\t\t\t<div class=\"elementor-element elementor-element-5ebe22d elementor-widget elementor-widget-image\" data-id=\"5ebe22d\" data-element_type=\"widget\" data-widget_type=\"image.default\">\n\t\t\t\t<div class=\"elementor-widget-container\">\n\t\t\t\t\t\t\t\t\t\t\t\t\t<img width=\"1024\" height=\"819\" src=\"https:\/\/www.ludivart.com\/wp-content\/uploads\/2022\/08\/Signature-Louis-sans-fond-Copie-1024x819.png\" class=\"attachment-large size-large wp-image-2294\" alt=\"\" srcset=\"https:\/\/www.ludivart.com\/wp-content\/uploads\/2022\/08\/Signature-Louis-sans-fond-Copie-1024x819.png 1024w, https:\/\/www.ludivart.com\/wp-content\/uploads\/2022\/08\/Signature-Louis-sans-fond-Copie-300x240.png 300w, https:\/\/www.ludivart.com\/wp-content\/uploads\/2022\/08\/Signature-Louis-sans-fond-Copie-600x480.png 600w, https:\/\/www.ludivart.com\/wp-content\/uploads\/2022\/08\/Signature-Louis-sans-fond-Copie-768x614.png 768w, https:\/\/www.ludivart.com\/wp-content\/uploads\/2022\/08\/Signature-Louis-sans-fond-Copie-1536x1229.png 1536w, https:\/\/www.ludivart.com\/wp-content\/uploads\/2022\/08\/Signature-Louis-sans-fond-Copie.png 2000w\" sizes=\"(max-width: 1024px) 100vw, 1024px\" \/>\t\t\t\t\t\t\t\t\t\t\t\t\t<\/div>\n\t\t\t\t<\/div>\n\t\t\t\t\t<\/div>\n\t\t<\/div>\n\t\t\t\t<div class=\"elementor-column elementor-col-50 elementor-top-column elementor-element elementor-element-d3f08b2\" data-id=\"d3f08b2\" data-element_type=\"column\">\n\t\t\t<div class=\"elementor-widget-wrap\">\n\t\t\t\t\t\t\t<\/div>\n\t\t<\/div>\n\t\t\t\t\t<\/div>\n\t\t<\/section>\n\t\t\t\t<section class=\"elementor-section elementor-top-section elementor-element elementor-element-48fec27 elementor-section-boxed elementor-section-height-default elementor-section-height-default\" data-id=\"48fec27\" data-element_type=\"section\">\n\t\t\t\t\t\t<div class=\"elementor-container elementor-column-gap-default\">\n\t\t\t\t\t<div class=\"elementor-column elementor-col-100 elementor-top-column elementor-element elementor-element-fc625a9\" data-id=\"fc625a9\" data-element_type=\"column\">\n\t\t\t<div class=\"elementor-widget-wrap elementor-element-populated\">\n\t\t\t\t\t\t<div class=\"elementor-element elementor-element-c74809a elementor-widget elementor-widget-spacer\" data-id=\"c74809a\" data-element_type=\"widget\" data-widget_type=\"spacer.default\">\n\t\t\t\t<div class=\"elementor-widget-container\">\n\t\t\t\t\t<div class=\"elementor-spacer\">\n\t\t\t<div class=\"elementor-spacer-inner\"><\/div>\n\t\t<\/div>\n\t\t\t\t<\/div>\n\t\t\t\t<\/div>\n\t\t\t\t\t<\/div>\n\t\t<\/div>\n\t\t\t\t\t<\/div>\n\t\t<\/section>\n\t\t\t\t<section class=\"elementor-section elementor-top-section elementor-element elementor-element-d32aa1e elementor-section-boxed elementor-section-height-default elementor-section-height-default\" data-id=\"d32aa1e\" data-element_type=\"section\">\n\t\t\t\t\t\t<div class=\"elementor-container elementor-column-gap-default\">\n\t\t\t\t\t<div class=\"elementor-column elementor-col-100 elementor-top-column elementor-element elementor-element-f369724\" data-id=\"f369724\" data-element_type=\"column\">\n\t\t\t<div class=\"elementor-widget-wrap elementor-element-populated\">\n\t\t\t\t\t\t<div class=\"elementor-element elementor-element-40a4cb9 elementor-align-center elementor-widget elementor-widget-button\" data-id=\"40a4cb9\" data-element_type=\"widget\" data-widget_type=\"button.default\">\n\t\t\t\t<div class=\"elementor-widget-container\">\n\t\t\t\t\t<div class=\"elementor-button-wrapper\">\n\t\t\t<a class=\"elementor-button elementor-button-link elementor-size-lg\" href=\"https:\/\/www.ludivart.com\/wp-content\/uploads\/2022\/08\/Presentation-Louis-GILLE-220711.pdf\">\n\t\t\t\t\t\t<span class=\"elementor-button-content-wrapper\">\n\t\t\t\t\t\t<span class=\"elementor-button-icon\">\n\t\t\t\t<i aria-hidden=\"true\" class=\"icon icon-Download\"><\/i>\t\t\t<\/span>\n\t\t\t\t\t\t\t\t\t<span class=\"elementor-button-text\">Pr\u00e9sentation de Louis GILLE<\/span>\n\t\t\t\t\t<\/span>\n\t\t\t\t\t<\/a>\n\t\t<\/div>\n\t\t\t\t<\/div>\n\t\t\t\t<\/div>\n\t\t\t\t\t<\/div>\n\t\t<\/div>\n\t\t\t\t\t<\/div>\n\t\t<\/section>\n\t\t\t\t<section class=\"elementor-section elementor-top-section elementor-element elementor-element-df81528 elementor-section-boxed elementor-section-height-default elementor-section-height-default\" data-id=\"df81528\" data-element_type=\"section\">\n\t\t\t\t\t\t<div class=\"elementor-container elementor-column-gap-default\">\n\t\t\t\t\t<div class=\"elementor-column elementor-col-100 elementor-top-column elementor-element elementor-element-5bd1f5a\" data-id=\"5bd1f5a\" data-element_type=\"column\">\n\t\t\t<div class=\"elementor-widget-wrap elementor-element-populated\">\n\t\t\t\t\t\t<div class=\"elementor-element elementor-element-1312240 elementor-widget elementor-widget-spacer\" data-id=\"1312240\" data-element_type=\"widget\" data-widget_type=\"spacer.default\">\n\t\t\t\t<div class=\"elementor-widget-container\">\n\t\t\t\t\t<div class=\"elementor-spacer\">\n\t\t\t<div class=\"elementor-spacer-inner\"><\/div>\n\t\t<\/div>\n\t\t\t\t<\/div>\n\t\t\t\t<\/div>\n\t\t\t\t\t<\/div>\n\t\t<\/div>\n\t\t\t\t\t<\/div>\n\t\t<\/section>\n\t\t\t\t<section class=\"elementor-section elementor-top-section elementor-element elementor-element-0adf932 elementor-section-boxed elementor-section-height-default elementor-section-height-default\" data-id=\"0adf932\" data-element_type=\"section\">\n\t\t\t\t\t\t<div class=\"elementor-container elementor-column-gap-default\">\n\t\t\t\t\t<div class=\"elementor-column elementor-col-100 elementor-top-column elementor-element elementor-element-1033807\" data-id=\"1033807\" data-element_type=\"column\">\n\t\t\t<div class=\"elementor-widget-wrap elementor-element-populated\">\n\t\t\t\t\t\t<div class=\"elementor-element elementor-element-403bc4a elementor-widget elementor-widget-text-editor\" data-id=\"403bc4a\" data-element_type=\"widget\" data-widget_type=\"text-editor.default\">\n\t\t\t\t<div class=\"elementor-widget-container\">\n\t\t\t\t\t\t\t<p>D\u00e9sirant rendre accessible l&#8217;art de Louis Gille \u00e0 tous , nous vous proposons ses \u0153uvres <br \/>dans une palette vari\u00e9e suivant vos envies :<\/p><p>A4 , Velin , Digigraphie<\/p>\t\t\t\t\t\t<\/div>\n\t\t\t\t<\/div>\n\t\t\t\t\t<\/div>\n\t\t<\/div>\n\t\t\t\t\t<\/div>\n\t\t<\/section>\n\t\t\t\t<\/div>\n\t\t","protected":false},"excerpt":{"rendered":"<p>LOUIS GILLE Louis Gille est n\u00e9 le 12 d\u00e9cembre 1999 \u00e0 Toulouse (Haute-Garonne).Il vit et travaille \u00e0 Luchon (France).\u00a0Il commence \u00e0 dessiner avant de savoir \u00e9crire, d\u00e8s l\u2019\u00e2ge de 2 ans jusqu\u2019\u00e0 aujourd\u2019hui.En 2005, Louis a 6 ans, il d\u00e9clare \u00e0 ses parents\u00a0: \u00ab quand je serai grand je deviendrai Salvador Dali.\u00a0\u00bb Pr\u00e9sentation de Louis [&hellip;]<\/p>\n","protected":false},"author":1,"featured_media":0,"parent":0,"menu_order":0,"comment_status":"closed","ping_status":"closed","template":"","meta":[],"yoast_head":"<!-- This site is optimized with the Yoast SEO plugin v20.3 - https:\/\/yoast.com\/wordpress\/plugins\/seo\/ -->\n<title>LOUIS GILLE &mdash; Ludiv Art<\/title>\n<meta name=\"description\" content=\"Art, Collection, Tableau, Digigraphie, L\u00e9on Zanella, Lumineux, Passion, Monde, Toiles, \u0152uvre, \u0152uvres d&#039;art, \u00e9motion, Vaison la Romaine, Louis Gille, D\u00e9fiscalisation, d\u00e9fiscalisation oeuvre, Toulouse\" \/>\n<meta name=\"robots\" content=\"index, follow, max-snippet:-1, max-image-preview:large, max-video-preview:-1\" \/>\n<link rel=\"canonical\" href=\"https:\/\/www.ludivart.com\/index.php\/louis-gille\/\" \/>\n<meta property=\"og:locale\" content=\"fr_FR\" \/>\n<meta property=\"og:type\" content=\"article\" \/>\n<meta property=\"og:title\" content=\"LOUIS GILLE &mdash; Ludiv Art\" \/>\n<meta property=\"og:description\" content=\"Art, Collection, Tableau, Digigraphie, L\u00e9on Zanella, Lumineux, Passion, Monde, Toiles, \u0152uvre, \u0152uvres d&#039;art, \u00e9motion, Vaison la Romaine, Louis Gille, D\u00e9fiscalisation, d\u00e9fiscalisation oeuvre, Toulouse\" \/>\n<meta property=\"og:url\" content=\"https:\/\/www.ludivart.com\/index.php\/louis-gille\/\" \/>\n<meta property=\"og:site_name\" content=\"Ludiv Art\" \/>\n<meta property=\"article:publisher\" content=\"https:\/\/www.facebook.com\/Ludiv-Art-103870754908036\" \/>\n<meta property=\"article:modified_time\" content=\"2022-09-15T15:55:45+00:00\" \/>\n<meta property=\"og:image\" content=\"https:\/\/www.ludivart.com\/wp-content\/uploads\/2022\/08\/DSC_7659-684x1024.jpg\" \/>\n<meta name=\"twitter:card\" content=\"summary_large_image\" \/>\n<meta name=\"twitter:label1\" content=\"Dur\u00e9e de lecture estim\u00e9e\" \/>\n\t<meta name=\"twitter:data1\" content=\"1 minute\" \/>\n<script type=\"application\/ld+json\" class=\"yoast-schema-graph\">{\"@context\":\"https:\/\/schema.org\",\"@graph\":[{\"@type\":\"WebPage\",\"@id\":\"https:\/\/www.ludivart.com\/index.php\/louis-gille\/\",\"url\":\"https:\/\/www.ludivart.com\/index.php\/louis-gille\/\",\"name\":\"LOUIS GILLE &mdash; Ludiv Art\",\"isPartOf\":{\"@id\":\"https:\/\/www.ludivart.com\/#website\"},\"datePublished\":\"2022-08-30T16:26:41+00:00\",\"dateModified\":\"2022-09-15T15:55:45+00:00\",\"description\":\"Art, Collection, Tableau, Digigraphie, L\u00e9on Zanella, Lumineux, Passion, Monde, Toiles, \u0152uvre, \u0152uvres d'art, \u00e9motion, Vaison la Romaine, Louis Gille, D\u00e9fiscalisation, d\u00e9fiscalisation oeuvre, Toulouse\",\"breadcrumb\":{\"@id\":\"https:\/\/www.ludivart.com\/index.php\/louis-gille\/#breadcrumb\"},\"inLanguage\":\"fr-FR\",\"potentialAction\":[{\"@type\":\"ReadAction\",\"target\":[\"https:\/\/www.ludivart.com\/index.php\/louis-gille\/\"]}]},{\"@type\":\"BreadcrumbList\",\"@id\":\"https:\/\/www.ludivart.com\/index.php\/louis-gille\/#breadcrumb\",\"itemListElement\":[{\"@type\":\"ListItem\",\"position\":1,\"name\":\"Accueil\",\"item\":\"https:\/\/www.ludivart.com\/\"},{\"@type\":\"ListItem\",\"position\":2,\"name\":\"LOUIS GILLE\"}]},{\"@type\":\"WebSite\",\"@id\":\"https:\/\/www.ludivart.com\/#website\",\"url\":\"https:\/\/www.ludivart.com\/\",\"name\":\"Ludiv Art\",\"description\":\"Collection d&#039;exception \",\"publisher\":{\"@id\":\"https:\/\/www.ludivart.com\/#organization\"},\"potentialAction\":[{\"@type\":\"SearchAction\",\"target\":{\"@type\":\"EntryPoint\",\"urlTemplate\":\"https:\/\/www.ludivart.com\/?s={search_term_string}\"},\"query-input\":\"required name=search_term_string\"}],\"inLanguage\":\"fr-FR\"},{\"@type\":\"Organization\",\"@id\":\"https:\/\/www.ludivart.com\/#organization\",\"name\":\"Ludiv Art\",\"url\":\"https:\/\/www.ludivart.com\/\",\"logo\":{\"@type\":\"ImageObject\",\"inLanguage\":\"fr-FR\",\"@id\":\"https:\/\/www.ludivart.com\/#\/schema\/logo\/image\/\",\"url\":\"https:\/\/www.ludivart.com\/wp-content\/uploads\/2021\/08\/Def-Logo-Ludiv-Art.jpg\",\"contentUrl\":\"https:\/\/www.ludivart.com\/wp-content\/uploads\/2021\/08\/Def-Logo-Ludiv-Art.jpg\",\"width\":500,\"height\":500,\"caption\":\"Ludiv Art\"},\"image\":{\"@id\":\"https:\/\/www.ludivart.com\/#\/schema\/logo\/image\/\"},\"sameAs\":[\"https:\/\/www.facebook.com\/Ludiv-Art-103870754908036\",\"https:\/\/www.instagram.com\/ludivart\/?hl=fr\"]}]}<\/script>\n<!-- \/ Yoast SEO plugin. -->","yoast_head_json":{"title":"LOUIS GILLE &mdash; Ludiv Art","description":"Art, Collection, Tableau, Digigraphie, L\u00e9on Zanella, Lumineux, Passion, Monde, Toiles, \u0152uvre, \u0152uvres d'art, \u00e9motion, Vaison la Romaine, Louis Gille, D\u00e9fiscalisation, d\u00e9fiscalisation oeuvre, Toulouse","robots":{"index":"index","follow":"follow","max-snippet":"max-snippet:-1","max-image-preview":"max-image-preview:large","max-video-preview":"max-video-preview:-1"},"canonical":"https:\/\/www.ludivart.com\/index.php\/louis-gille\/","og_locale":"fr_FR","og_type":"article","og_title":"LOUIS GILLE &mdash; Ludiv Art","og_description":"Art, Collection, Tableau, Digigraphie, L\u00e9on Zanella, Lumineux, Passion, Monde, Toiles, \u0152uvre, \u0152uvres d'art, \u00e9motion, Vaison la Romaine, Louis Gille, D\u00e9fiscalisation, d\u00e9fiscalisation oeuvre, Toulouse","og_url":"https:\/\/www.ludivart.com\/index.php\/louis-gille\/","og_site_name":"Ludiv Art","article_publisher":"https:\/\/www.facebook.com\/Ludiv-Art-103870754908036","article_modified_time":"2022-09-15T15:55:45+00:00","og_image":[{"url":"https:\/\/www.ludivart.com\/wp-content\/uploads\/2022\/08\/DSC_7659-684x1024.jpg"}],"twitter_card":"summary_large_image","twitter_misc":{"Dur\u00e9e de lecture estim\u00e9e":"1 minute"},"schema":{"@context":"https:\/\/schema.org","@graph":[{"@type":"WebPage","@id":"https:\/\/www.ludivart.com\/index.php\/louis-gille\/","url":"https:\/\/www.ludivart.com\/index.php\/louis-gille\/","name":"LOUIS GILLE &mdash; Ludiv Art","isPartOf":{"@id":"https:\/\/www.ludivart.com\/#website"},"datePublished":"2022-08-30T16:26:41+00:00","dateModified":"2022-09-15T15:55:45+00:00","description":"Art, Collection, Tableau, Digigraphie, L\u00e9on Zanella, Lumineux, Passion, Monde, Toiles, \u0152uvre, \u0152uvres d'art, \u00e9motion, Vaison la Romaine, Louis Gille, D\u00e9fiscalisation, d\u00e9fiscalisation oeuvre, Toulouse","breadcrumb":{"@id":"https:\/\/www.ludivart.com\/index.php\/louis-gille\/#breadcrumb"},"inLanguage":"fr-FR","potentialAction":[{"@type":"ReadAction","target":["https:\/\/www.ludivart.com\/index.php\/louis-gille\/"]}]},{"@type":"BreadcrumbList","@id":"https:\/\/www.ludivart.com\/index.php\/louis-gille\/#breadcrumb","itemListElement":[{"@type":"ListItem","position":1,"name":"Accueil","item":"https:\/\/www.ludivart.com\/"},{"@type":"ListItem","position":2,"name":"LOUIS GILLE"}]},{"@type":"WebSite","@id":"https:\/\/www.ludivart.com\/#website","url":"https:\/\/www.ludivart.com\/","name":"Ludiv Art","description":"Collection d&#039;exception ","publisher":{"@id":"https:\/\/www.ludivart.com\/#organization"},"potentialAction":[{"@type":"SearchAction","target":{"@type":"EntryPoint","urlTemplate":"https:\/\/www.ludivart.com\/?s={search_term_string}"},"query-input":"required name=search_term_string"}],"inLanguage":"fr-FR"},{"@type":"Organization","@id":"https:\/\/www.ludivart.com\/#organization","name":"Ludiv Art","url":"https:\/\/www.ludivart.com\/","logo":{"@type":"ImageObject","inLanguage":"fr-FR","@id":"https:\/\/www.ludivart.com\/#\/schema\/logo\/image\/","url":"https:\/\/www.ludivart.com\/wp-content\/uploads\/2021\/08\/Def-Logo-Ludiv-Art.jpg","contentUrl":"https:\/\/www.ludivart.com\/wp-content\/uploads\/2021\/08\/Def-Logo-Ludiv-Art.jpg","width":500,"height":500,"caption":"Ludiv Art"},"image":{"@id":"https:\/\/www.ludivart.com\/#\/schema\/logo\/image\/"},"sameAs":["https:\/\/www.facebook.com\/Ludiv-Art-103870754908036","https:\/\/www.instagram.com\/ludivart\/?hl=fr"]}]}},"_links":{"self":[{"href":"https:\/\/www.ludivart.com\/index.php\/wp-json\/wp\/v2\/pages\/2183"}],"collection":[{"href":"https:\/\/www.ludivart.com\/index.php\/wp-json\/wp\/v2\/pages"}],"about":[{"href":"https:\/\/www.ludivart.com\/index.php\/wp-json\/wp\/v2\/types\/page"}],"author":[{"embeddable":true,"href":"https:\/\/www.ludivart.com\/index.php\/wp-json\/wp\/v2\/users\/1"}],"replies":[{"embeddable":true,"href":"https:\/\/www.ludivart.com\/index.php\/wp-json\/wp\/v2\/comments?post=2183"}],"version-history":[{"count":40,"href":"https:\/\/www.ludivart.com\/index.php\/wp-json\/wp\/v2\/pages\/2183\/revisions"}],"predecessor-version":[{"id":2452,"href":"https:\/\/www.ludivart.com\/index.php\/wp-json\/wp\/v2\/pages\/2183\/revisions\/2452"}],"wp:attachment":[{"href":"https:\/\/www.ludivart.com\/index.php\/wp-json\/wp\/v2\/media?parent=2183"}],"curies":[{"name":"wp","href":"https:\/\/api.w.org\/{rel}","templated":true}]}}